{"id":13,"date":"2025-05-13T10:13:53","date_gmt":"2025-05-13T08:13:53","guid":{"rendered":"https:\/\/eben-menuiserie.com\/?page_id=13"},"modified":"2025-10-02T18:47:33","modified_gmt":"2025-10-02T16:47:33","slug":"13-2","status":"publish","type":"page","link":"https:\/\/eben-menuiserie.com\/?page_id=13","title":{"rendered":"Entreprise"},"content":{"rendered":"\n<div class=\"wp-block-cover alignfull is-light wp-duotone-grayscale\" style=\"margin-top:0;margin-bottom:0;padding-top:0px;padding-bottom:80px;min-height:517px;aspect-ratio:unset;\"><img loading=\"lazy\" decoding=\"async\" width=\"1024\" height=\"768\" class=\"wp-block-cover__image-background wp-image-75 size-large\" alt=\"\" src=\"https:\/\/eben-menuiserie.com\/wp-content\/uploads\/2025\/05\/IMG_6026-5-1024x768.jpg\" data-object-fit=\"cover\" srcset=\"https:\/\/eben-menuiserie.com\/wp-content\/uploads\/2025\/05\/IMG_6026-5-1024x768.jpg 1024w, https:\/\/eben-menuiserie.com\/wp-content\/uploads\/2025\/05\/IMG_6026-5-300x225.jpg 300w, https:\/\/eben-menuiserie.com\/wp-content\/uploads\/2025\/05\/IMG_6026-5-768x576.jpg 768w, https:\/\/eben-menuiserie.com\/wp-content\/uploads\/2025\/05\/IMG_6026-5-1536x1152.jpg 1536w, https:\/\/eben-menuiserie.com\/wp-content\/uploads\/2025\/05\/IMG_6026-5-2048x1536.jpg 2048w\" sizes=\"auto, (max-width: 1024px) 100vw, 1024px\" \/><span aria-hidden=\"true\" class=\"wp-block-cover__background has-background-dim-0 has-background-dim\" style=\"background-color:#e9ceb0\"><\/span><div class=\"wp-block-cover__inner-container has-global-padding is-layout-constrained wp-container-core-cover-is-layout-d4c6b484 wp-block-cover-is-layout-constrained\">\n<div style=\"height:150px\" aria-hidden=\"true\" class=\"wp-block-spacer\"><\/div>\n\n\n\n<h1 class=\"wp-block-heading has-text-align-center has-text-color has-link-color has-suranna-font-family wp-elements-d5db59a2b0c2273000c7ed45655d5e21\" style=\"color:#ffffff;font-size:clamp(38.682px, 2.418rem + ((1vw - 3.2px) * 3.786), 72px);font-style:normal;font-weight:500\">\u00c0 propos de nous<\/h1>\n<\/div><\/div>\n\n\n\n<section class=\"wp-block-group alignfull has-background has-global-padding is-layout-constrained wp-container-core-group-is-layout-608bbd49 wp-block-group-is-layout-constrained\" style=\"background-color:#f4efe8;margin-top:0px;padding-top:6rem;padding-right:1rem;padding-bottom:5rem;padding-left:1rem;font-size:clamp(0.875rem, 0.875rem + ((1vw - 0.2rem) * 0.464), 1.13rem);font-style:normal;font-weight:400;line-height:1.4\">\n<div class=\"wp-block-columns is-layout-flex wp-container-core-columns-is-layout-03ad6a19 wp-block-columns-is-layout-flex\" style=\"margin-bottom:0px\">\n<div class=\"wp-block-column is-vertically-aligned-center is-layout-flow wp-block-column-is-layout-flow\" style=\"flex-basis:50%\">\n<figure class=\"wp-block-image alignleft size-full\"><img loading=\"lazy\" decoding=\"async\" width=\"853\" height=\"1280\" src=\"https:\/\/eben-menuiserie.com\/wp-content\/uploads\/2025\/05\/wood-3293277_1280.jpg\" alt=\"\" class=\"wp-image-36\" style=\"aspect-ratio:1;object-fit:cover\" srcset=\"https:\/\/eben-menuiserie.com\/wp-content\/uploads\/2025\/05\/wood-3293277_1280.jpg 853w, https:\/\/eben-menuiserie.com\/wp-content\/uploads\/2025\/05\/wood-3293277_1280-200x300.jpg 200w, https:\/\/eben-menuiserie.com\/wp-content\/uploads\/2025\/05\/wood-3293277_1280-682x1024.jpg 682w, https:\/\/eben-menuiserie.com\/wp-content\/uploads\/2025\/05\/wood-3293277_1280-768x1152.jpg 768w\" sizes=\"auto, (max-width: 853px) 100vw, 853px\" \/><\/figure>\n<\/div>\n\n\n\n<div class=\"wp-block-column is-vertically-aligned-center has-global-padding is-layout-constrained wp-container-core-column-is-layout-c4a7d96a wp-block-column-is-layout-constrained\" style=\"flex-basis:50%\">\n<h3 class=\"wp-block-heading has-text-align-left has-text-color has-suranna-font-family\" style=\"color:#000000;margin-top:0.5rem;margin-bottom:0rem;font-size:clamp(24.034px, 1.502rem + ((1vw - 3.2px) * 1.814), 40px);font-style:normal;font-weight:500;letter-spacing:0px;line-height:1.3\">Notre engagement envers un savoir-faire de qualit\u00e9<\/h3>\n\n\n\n<p class=\"has-text-align-left has-text-color has-pontano-sans-font-family\" style=\"color:#000000;margin-top:20px;margin-bottom:20px;font-size:clamp(14px, 0.875rem + ((1vw - 3.2px) * 0.455), 18px);font-style:normal;font-weight:400;line-height:1.5\"><strong>EBEN Menuiserie<\/strong> est une entreprise artisanale sp\u00e9cialis\u00e9e dans les travaux de menuiserie int\u00e9rieure et ext\u00e9rieure, forte de plus de <strong>35 ans d\u2019exp\u00e9rience<\/strong> au service des particuliers et des professionnels.<\/p>\n\n\n\n<p class=\"has-text-align-left has-text-color has-pontano-sans-font-family\" style=\"color:#000000;margin-top:20px;margin-bottom:20px;font-size:clamp(14px, 0.875rem + ((1vw - 3.2px) * 0.455), 18px);font-style:normal;font-weight:400;line-height:1.5\">Depuis sa cr\u00e9ation, EBEN Menuiserie met un point d\u2019honneur \u00e0 allier <strong>savoir-faire traditionnel<\/strong>, <strong>mat\u00e9riaux de qualit\u00e9<\/strong> et <strong>solutions sur mesure<\/strong> pour r\u00e9pondre aux projets les plus exigeants. Gr\u00e2ce \u00e0 son expertise reconnue et \u00e0 une approche centr\u00e9e sur l\u2019\u00e9coute du client, l\u2019entreprise s\u2019est forg\u00e9e une solide r\u00e9putation de <strong>fiabilit\u00e9, de pr\u00e9cision et de cr\u00e9ativit\u00e9<\/strong>.<\/p>\n\n\n\n<div class=\"wp-block-buttons is-horizontal is-content-justification-left is-layout-flex wp-container-core-buttons-is-layout-2c34cf1c wp-block-buttons-is-layout-flex\" style=\"margin-top:0.51rem\">\n<div class=\"wp-block-button has-custom-width wp-block-button__width-50 is-style-fill\"><a class=\"wp-block-button__link has-text-color has-background has-pontano-sans-font-family has-custom-font-size wp-element-button\" href=\"#\" style=\"border-style:none;border-width:0px;border-radius:0rem;color:#fffffd;background-color:#e27013;padding-top:0.71rem;padding-right:0.31rem;padding-bottom:0.71rem;padding-left:0.31rem;font-size:clamp(0.875rem, 0.875rem + ((1vw - 0.2rem) * 0.245), 1.01rem);font-style:normal;font-weight:600;letter-spacing:1px;line-height:1.5;text-transform:uppercase\">CONTACT <\/a><\/div>\n<\/div>\n<\/div>\n<\/div>\n<\/section>\n\n\n\n<p><\/p>\n\n\n\n<div class=\"wp-block-cover alignfull is-light\" style=\"padding-top:6rem;padding-bottom:6rem\"><span aria-hidden=\"true\" class=\"wp-block-cover__background has-background-dim-10 has-background-dim\" style=\"background-color:#83908d\"><\/span><div class=\"wp-block-cover__inner-container has-global-padding is-layout-constrained wp-container-core-cover-is-layout-5cbdda46 wp-block-cover-is-layout-constrained\">\n<h2 class=\"wp-block-heading has-text-align-center has-text-color has-link-color has-suranna-font-family wp-elements-4e3b6714c40107253a37433008ea1db7\" style=\"color:#000000;font-size:clamp(24.034px, 1.502rem + ((1vw - 3.2px) * 1.814), 40px);font-style:normal;font-weight:500;letter-spacing:1px\">Notre voyage dans l&rsquo;artisanat<\/h2>\n\n\n\n<p class=\"has-text-align-center\">Menuiserie Eben est n\u00e9e d&rsquo;un r\u00eave nourri par une passion pour le travail du bois. Fond\u00e9e par des artisans qualifi\u00e9s, notre aventure a d\u00e9but\u00e9 dans un petit atelier o\u00f9 nous avons perfectionn\u00e9 notre savoir-faire. Au fil des ans, nous sommes devenus une r\u00e9f\u00e9rence en menuiserie sur mesure, mais nos valeurs fondamentales sont rest\u00e9es les m\u00eames&nbsp;: d\u00e9vouement, cr\u00e9ativit\u00e9 et qualit\u00e9. Chaque projet raconte une partie de notre parcours, de la premi\u00e8re esquisse \u00e0 la finition finale. Nous sommes convaincus que chaque projet  a une histoire \u00e0 raconter, et nous sommes fiers de contribuer \u00e0 le concr\u00e9tiser. Rejoignez-nous pour cr\u00e9er des projets magnifiques et qui sublimeront votre espace et refl\u00e9teront votre style unique.<\/p>\n\n\n\n<div class=\"wp-block-buttons is-horizontal is-content-justification-center is-layout-flex wp-container-core-buttons-is-layout-bb07f847 wp-block-buttons-is-layout-flex\" style=\"margin-top:30px\">\n<div class=\"wp-block-button has-custom-width wp-block-button__width-25 is-style-fill\"><a class=\"wp-block-button__link has-text-color has-background has-pontano-sans-font-family has-custom-font-size wp-element-button\" href=\"#\" style=\"border-style:none;border-width:0px;border-radius:0rem;color:#fffffd;background-color:#e27013;padding-top:0.71rem;padding-right:0.31rem;padding-bottom:0.71rem;padding-left:0.31rem;font-size:clamp(0.875rem, 0.875rem + ((1vw - 0.2rem) * 0.245), 1.01rem);font-style:normal;font-weight:600;letter-spacing:1px;line-height:1.5;text-transform:uppercase\">explorez davantage<\/a><\/div>\n<\/div>\n<\/div><\/div>\n\n\n\n<section class=\"wp-block-group alignfull has-background has-global-padding is-layout-constrained wp-container-core-group-is-layout-8202059b wp-block-group-is-layout-constrained\" style=\"background-color:#f4efe8;margin-top:0px;padding-top:6rem;padding-right:1rem;padding-bottom:6rem;padding-left:1rem;font-size:clamp(0.875rem, 0.875rem + ((1vw - 0.2rem) * 0.464), 1.13rem);font-style:normal;font-weight:400;line-height:1.4\">\n<div class=\"wp-block-columns is-layout-flex wp-container-core-columns-is-layout-03ad6a19 wp-block-columns-is-layout-flex\" style=\"margin-bottom:0px\">\n<div class=\"wp-block-column is-vertically-aligned-center has-global-padding is-layout-constrained wp-container-core-column-is-layout-c4a7d96a wp-block-column-is-layout-constrained\" style=\"flex-basis:50%\">\n<h3 class=\"wp-block-heading has-text-align-left has-text-color has-suranna-font-family\" style=\"color:#010101;margin-top:0.5rem;margin-bottom:0rem;font-size:clamp(24.034px, 1.502rem + ((1vw - 3.2px) * 1.814), 40px);font-style:normal;font-weight:500;letter-spacing:0px;line-height:1.3\">Ce que nous d\u00e9fendons<\/h3>\n\n\n\n<p><\/p>\n\n\n\n<p class=\"has-text-align-left\">Chez Eben Menuiserie , nous sommes anim\u00e9s par notre passion pour l&rsquo;artisanat et la satisfaction client. Nous croyons en l&rsquo;int\u00e9grit\u00e9 et veillons \u00e0 ce que chaque projet soit r\u00e9alis\u00e9 avec honn\u00eatet\u00e9 et transparence. Notre engagement qualit\u00e9 nous permet d&rsquo;utiliser uniquement les meilleurs mat\u00e9riaux pour cr\u00e9er des projets durables. Nous cultivons la cr\u00e9ativit\u00e9 et travaillons en \u00e9troite collaboration avec vous pour donner vie \u00e0 votre vision. Le d\u00e9veloppement durable est \u00e9galement important pour nous, car nous nous effor\u00e7ons de nous approvisionner en mat\u00e9riaux de mani\u00e8re responsable. Avec chaque cr\u00e9ation, nous visons \u00e0 embellir votre espace tout en construisant des relations durables avec nos clients. Votre satisfaction est notre priorit\u00e9&nbsp;!<\/p>\n\n\n\n<div class=\"wp-block-buttons is-horizontal is-content-justification-left is-layout-flex wp-container-core-buttons-is-layout-2c34cf1c wp-block-buttons-is-layout-flex\" style=\"margin-top:0.51rem\">\n<div class=\"wp-block-button has-custom-width wp-block-button__width-50 is-style-fill\"><a class=\"wp-block-button__link has-text-color has-background has-pontano-sans-font-family has-custom-font-size wp-element-button\" href=\"#\" style=\"border-style:none;border-width:0px;border-radius:0rem;color:#fffffd;background-color:#e27013;padding-top:0.71rem;padding-right:0.31rem;padding-bottom:0.71rem;padding-left:0.31rem;font-size:clamp(0.875rem, 0.875rem + ((1vw - 0.2rem) * 0.245), 1.01rem);font-style:normal;font-weight:600;letter-spacing:1px;line-height:1.5;text-transform:uppercase\">Apprendre encore plus <\/a><\/div>\n<\/div>\n<\/div>\n\n\n\n<div class=\"wp-block-column is-vertically-aligned-center is-layout-flow wp-block-column-is-layout-flow\" style=\"flex-basis:50%\">\n<figure class=\"wp-block-image alignright size-full has-custom-border\"><img loading=\"lazy\" decoding=\"async\" width=\"564\" height=\"845\" src=\"https:\/\/eben-menuiserie.com\/wp-content\/uploads\/2025\/10\/d8e116e3e7bd1815496b668e23550722.jpg\" alt=\"\" class=\"has-border-color has-tertiary-border-color wp-image-202\" style=\"border-width:1px;aspect-ratio:1;object-fit:cover\" srcset=\"https:\/\/eben-menuiserie.com\/wp-content\/uploads\/2025\/10\/d8e116e3e7bd1815496b668e23550722.jpg 564w, https:\/\/eben-menuiserie.com\/wp-content\/uploads\/2025\/10\/d8e116e3e7bd1815496b668e23550722-200x300.jpg 200w\" sizes=\"auto, (max-width: 564px) 100vw, 564px\" \/><\/figure>\n<\/div>\n<\/div>\n<\/section>\n\n\n\n<section class=\"wp-block-cover alignfull is-light\" style=\"margin-top:0px;padding-top:1.01rem;padding-bottom:1.01rem;min-height:430px;aspect-ratio:unset;\"><img loading=\"lazy\" decoding=\"async\" width=\"1024\" height=\"768\" class=\"wp-block-cover__image-background wp-image-188 size-large\" alt=\"\" src=\"https:\/\/eben-menuiserie.com\/wp-content\/uploads\/2025\/05\/IMG_8816-1024x768.jpeg\" data-object-fit=\"cover\" srcset=\"https:\/\/eben-menuiserie.com\/wp-content\/uploads\/2025\/05\/IMG_8816-1024x768.jpeg 1024w, https:\/\/eben-menuiserie.com\/wp-content\/uploads\/2025\/05\/IMG_8816-300x225.jpeg 300w, https:\/\/eben-menuiserie.com\/wp-content\/uploads\/2025\/05\/IMG_8816-768x576.jpeg 768w, https:\/\/eben-menuiserie.com\/wp-content\/uploads\/2025\/05\/IMG_8816-1536x1152.jpeg 1536w, https:\/\/eben-menuiserie.com\/wp-content\/uploads\/2025\/05\/IMG_8816-2048x1536.jpeg 2048w\" sizes=\"auto, (max-width: 1024px) 100vw, 1024px\" \/><span aria-hidden=\"true\" class=\"wp-block-cover__background has-background-dim-0 has-background-dim\" style=\"background-color:#edf1f2\"><\/span><div class=\"wp-block-cover__inner-container has-global-padding is-layout-constrained wp-container-core-cover-is-layout-b1bebcb3 wp-block-cover-is-layout-constrained\">\n<div class=\"wp-block-group has-text-color is-layout-flow wp-block-group-is-layout-flow\" style=\"color:#fffffd;margin-top:0px;padding-top:0rem;padding-right:1rem;padding-bottom:0rem;padding-left:1rem;font-size:clamp(0.875rem, 0.875rem + ((1vw - 0.2rem) * 0.464), 1.13rem);font-style:normal;font-weight:400;line-height:1.4\">\n<div class=\"wp-block-group has-global-padding is-layout-constrained wp-container-core-group-is-layout-bdbfdc43 wp-block-group-is-layout-constrained\">\n<p class=\"has-text-align-center has-text-color\" style=\"color:#fffffd;margin-bottom:0rem;font-size:clamp(1.507rem, 1.507rem + ((1vw - 0.2rem) * 1.824), 2.51rem);font-style:normal;font-weight:400;line-height:1.2\">35 ans d\u2019exp\u00e9rience au service de vos projets.\u00a0\u00bb<\/p>\n<\/div>\n\n\n\n<div class=\"wp-block-group is-vertical is-content-justification-stretch is-layout-flex wp-container-core-group-is-layout-bfdebe91 wp-block-group-is-layout-flex\" style=\"margin-top:1.81rem;padding-right:0px;padding-left:0px\">\n<div class=\"wp-block-group has-global-padding is-content-justification-center is-layout-constrained wp-container-core-group-is-layout-2f0bcb29 wp-block-group-is-layout-constrained\" style=\"margin-top:0px\">\n<div class=\"wp-block-buttons is-horizontal is-content-justification-right is-layout-flex wp-container-core-buttons-is-layout-099266fd wp-block-buttons-is-layout-flex\" style=\"margin-top:0.51rem\">\n<div class=\"wp-block-button has-custom-width wp-block-button__width-100 is-style-fill\"><a class=\"wp-block-button__link has-text-color has-background has-custom-font-size wp-element-button\" href=\"#\" style=\"border-style:none;border-width:0px;border-radius:0rem;color:#fffffd;background-color:#e27013;padding-top:0.71rem;padding-right:0.31rem;padding-bottom:0.71rem;padding-left:0.31rem;font-size:clamp(0.875rem, 0.875rem + ((1vw - 0.2rem) * 0.245), 1.01rem);font-style:normal;font-weight:600;line-height:1.5;text-transform:uppercase\">Contact <\/a><\/div>\n<\/div>\n<\/div>\n<\/div>\n<\/div>\n<\/div><\/section>\n","protected":false},"excerpt":{"rendered":"<p>Notre engagement envers un savoir-faire de qualit\u00e9 EBEN Menuiserie est une entreprise artisanale sp\u00e9cialis\u00e9e dans les travaux de menuiserie int\u00e9rieure et ext\u00e9rieure, forte de plus de 35 ans d\u2019exp\u00e9rience au service des particuliers et des professionnels. Depuis sa cr\u00e9ation, EBEN Menuiserie met un point d\u2019honneur \u00e0 allier savoir-faire traditionnel, mat\u00e9riaux de qualit\u00e9 et solutions sur [&hellip;]<\/p>\n","protected":false},"author":1,"featured_media":0,"parent":0,"menu_order":0,"comment_status":"closed","ping_status":"closed","template":"","meta":{"footnotes":""},"class_list":["post-13","page","type-page","status-publish","hentry"],"_links":{"self":[{"href":"https:\/\/eben-menuiserie.com\/index.php?rest_route=\/wp\/v2\/pages\/13","targetHints":{"allow":["GET"]}}],"collection":[{"href":"https:\/\/eben-menuiserie.com\/index.php?rest_route=\/wp\/v2\/pages"}],"about":[{"href":"https:\/\/eben-menuiserie.com\/index.php?rest_route=\/wp\/v2\/types\/page"}],"author":[{"embeddable":true,"href":"https:\/\/eben-menuiserie.com\/index.php?rest_route=\/wp\/v2\/users\/1"}],"replies":[{"embeddable":true,"href":"https:\/\/eben-menuiserie.com\/index.php?rest_route=%2Fwp%2Fv2%2Fcomments&post=13"}],"version-history":[{"count":14,"href":"https:\/\/eben-menuiserie.com\/index.php?rest_route=\/wp\/v2\/pages\/13\/revisions"}],"predecessor-version":[{"id":226,"href":"https:\/\/eben-menuiserie.com\/index.php?rest_route=\/wp\/v2\/pages\/13\/revisions\/226"}],"wp:attachment":[{"href":"https:\/\/eben-menuiserie.com\/index.php?rest_route=%2Fwp%2Fv2%2Fmedia&parent=13"}],"curies":[{"name":"wp","href":"https:\/\/api.w.org\/{rel}","templated":true}]}}