{"id":9,"date":"2025-05-13T10:13:04","date_gmt":"2025-05-13T08:13:04","guid":{"rendered":"https:\/\/eben-menuiserie.com\/?page_id=9"},"modified":"2025-10-03T12:13:59","modified_gmt":"2025-10-03T10:13:59","slug":"9-2","status":"publish","type":"page","link":"https:\/\/eben-menuiserie.com\/","title":{"rendered":"Acceuil"},"content":{"rendered":"\n<div class=\"wp-block-cover alignfull is-light\" style=\"padding-top:17%;padding-bottom:3rem;min-height:803px;aspect-ratio:unset;\"><img loading=\"lazy\" decoding=\"async\" width=\"1024\" height=\"768\" class=\"wp-block-cover__image-background wp-image-26 size-large\" alt=\"\" src=\"https:\/\/eben-menuiserie.com\/wp-content\/uploads\/2025\/05\/IMG_6026-3-1024x768.jpg\" data-object-fit=\"cover\" srcset=\"https:\/\/eben-menuiserie.com\/wp-content\/uploads\/2025\/05\/IMG_6026-3-1024x768.jpg 1024w, https:\/\/eben-menuiserie.com\/wp-content\/uploads\/2025\/05\/IMG_6026-3-300x225.jpg 300w, https:\/\/eben-menuiserie.com\/wp-content\/uploads\/2025\/05\/IMG_6026-3-768x576.jpg 768w, https:\/\/eben-menuiserie.com\/wp-content\/uploads\/2025\/05\/IMG_6026-3-1536x1152.jpg 1536w, https:\/\/eben-menuiserie.com\/wp-content\/uploads\/2025\/05\/IMG_6026-3-2048x1536.jpg 2048w\" sizes=\"auto, (max-width: 1024px) 100vw, 1024px\" \/><span aria-hidden=\"true\" class=\"wp-block-cover__background has-black-background-color has-background-dim-0 has-background-dim\"><\/span><div class=\"wp-block-cover__inner-container is-layout-flow wp-block-cover-is-layout-flow\">\n<div class=\"wp-block-group alignwide is-vertical is-content-justification-stretch is-layout-flex wp-container-core-group-is-layout-401b7a8a wp-block-group-is-layout-flex\" style=\"min-height:520px\">\n<div class=\"wp-block-group has-global-padding is-layout-constrained wp-block-group-is-layout-constrained\">\n<p>.<\/p>\n\n\n\n<div class=\"wp-block-group is-vertical is-content-justification-stretch is-layout-flex wp-container-core-group-is-layout-53ad70e0 wp-block-group-is-layout-flex\" style=\"margin-top:1.61rem;padding-right:0px;padding-left:0px\"><\/div>\n<\/div>\n\n\n\n<p><\/p>\n<\/div>\n<\/div><\/div>\n\n\n\n<section class=\"wp-block-group alignfull has-background has-global-padding is-layout-constrained wp-container-core-group-is-layout-05455e64 wp-block-group-is-layout-constrained\" style=\"background-color:#f4efe8;margin-top:0px;padding-top:6rem;padding-right:1rem;padding-bottom:4.5rem;padding-left:1rem;font-size:clamp(0.875rem, 0.875rem + ((1vw - 0.2rem) * 0.464), 1.13rem);font-style:normal;font-weight:400;line-height:1.4\">\n<div class=\"wp-block-columns is-layout-flex wp-container-core-columns-is-layout-2e7296b4 wp-block-columns-is-layout-flex\" style=\"margin-bottom:0px\">\n<div class=\"wp-block-column is-vertically-aligned-center is-layout-flow wp-block-column-is-layout-flow\" style=\"padding-right:1rem;padding-left:1rem;flex-basis:35%\">\n<figure class=\"wp-block-video aligncenter\"><video autoplay controls muted src=\"https:\/\/eben-menuiserie.com\/wp-content\/uploads\/2025\/10\/entreprise-eben-EBEN.mp4\"><\/video><\/figure>\n<\/div>\n\n\n\n<div class=\"wp-block-column is-vertically-aligned-bottom has-global-padding is-layout-constrained wp-container-core-column-is-layout-b4ec969c wp-block-column-is-layout-constrained\" style=\"padding-top:2.01rem\">\n<h3 class=\"wp-block-heading\">Notre histoire : transformer les r\u00eaves en r\u00e9alit\u00e9<\/h3>\n\n\n\n<p>Forts de nos ann\u00e9es d&rsquo;exp\u00e9rience, nous avons transform\u00e9 d&rsquo;innombrables espaces en espaces \u00e9l\u00e9gants et fonctionnels. Notre parcours est n\u00e9 d&rsquo;une passion pour l&rsquo;artisanat et d&rsquo;une volont\u00e9 de cr\u00e9er des solutions personnalis\u00e9es pour nos clients. Nous sommes fiers de notre souci du d\u00e9tail, garantissant que chaque projet refl\u00e8te votre style unique. Nous sommes l\u00e0 pour concr\u00e9tiser vos id\u00e9es. Construisons ensemble quelque chose d&rsquo;extraordinaire&nbsp;!<\/p>\n<\/div>\n<\/div>\n\n\n\n<div class=\"wp-block-cover alignfull is-light\" style=\"padding-top:3.51rem;padding-right:0px;padding-bottom:2.01rem;padding-left:0px\"><span aria-hidden=\"true\" class=\"wp-block-cover__background has-background-dim-100 has-background-dim\" style=\"background-color:#f4efe8\"><\/span><div class=\"wp-block-cover__inner-container is-layout-flow wp-block-cover-is-layout-flow\">\n<div class=\"wp-block-group alignfull is-layout-flow wp-block-group-is-layout-flow\" style=\"margin-top:0px;margin-bottom:0px;padding-top:0rem;padding-right:1px;padding-bottom:2.01rem;padding-left:1px\">\n<div class=\"wp-block-columns alignfull is-layout-flex wp-container-core-columns-is-layout-35290b6f wp-block-columns-is-layout-flex\" style=\"padding-top:0rem\">\n<div class=\"wp-block-column is-layout-flow wp-block-column-is-layout-flow\" style=\"padding-top:1rem;padding-right:0rem;padding-bottom:1rem;padding-left:0rem\">\n<div class=\"wp-block-cover is-light\" style=\"padding-right:0.51rem;padding-left:0.51rem;min-height:390px;aspect-ratio:unset;\"><img loading=\"lazy\" decoding=\"async\" width=\"768\" height=\"1024\" class=\"wp-block-cover__image-background wp-image-170 size-large\" alt=\"\" src=\"https:\/\/eben-menuiserie.com\/wp-content\/uploads\/2025\/05\/IMG_5514-2-768x1024.jpeg\" data-object-fit=\"cover\" srcset=\"https:\/\/eben-menuiserie.com\/wp-content\/uploads\/2025\/05\/IMG_5514-2-768x1024.jpeg 768w, https:\/\/eben-menuiserie.com\/wp-content\/uploads\/2025\/05\/IMG_5514-2-225x300.jpeg 225w, https:\/\/eben-menuiserie.com\/wp-content\/uploads\/2025\/05\/IMG_5514-2-1152x1536.jpeg 1152w, https:\/\/eben-menuiserie.com\/wp-content\/uploads\/2025\/05\/IMG_5514-2-1536x2048.jpeg 1536w, https:\/\/eben-menuiserie.com\/wp-content\/uploads\/2025\/05\/IMG_5514-2-scaled.jpeg 1920w\" sizes=\"auto, (max-width: 768px) 100vw, 768px\" \/><span aria-hidden=\"true\" class=\"wp-block-cover__background has-background-dim-0 has-background-dim\" style=\"background-color:#98826d\"><\/span><div class=\"wp-block-cover__inner-container has-global-padding is-layout-constrained wp-container-core-cover-is-layout-1a3bd245 wp-block-cover-is-layout-constrained\">\n<h3 class=\"wp-block-heading has-text-align-center has-text-color has-background\" style=\"color:#fffffe;background-color:#ece5e500;font-size:clamp(1.352rem, 1.352rem + ((1vw - 0.2rem) * 1.542), 2.2rem);\">Menuiserie int\u00e9rieur <\/h3>\n<\/div><\/div>\n<\/div>\n\n\n\n<div class=\"wp-block-column is-layout-flow wp-block-column-is-layout-flow\" style=\"padding-top:1rem;padding-right:0rem;padding-bottom:1rem;padding-left:0rem\">\n<div class=\"wp-block-cover is-light\" style=\"padding-right:0.51rem;padding-left:0.51rem;min-height:390px;aspect-ratio:unset;\"><img loading=\"lazy\" decoding=\"async\" width=\"768\" height=\"1024\" class=\"wp-block-cover__image-background wp-image-102 size-large\" alt=\"\" src=\"https:\/\/eben-menuiserie.com\/wp-content\/uploads\/2025\/05\/IMG_2875-768x1024.jpg\" data-object-fit=\"cover\" srcset=\"https:\/\/eben-menuiserie.com\/wp-content\/uploads\/2025\/05\/IMG_2875-768x1024.jpg 768w, https:\/\/eben-menuiserie.com\/wp-content\/uploads\/2025\/05\/IMG_2875-225x300.jpg 225w, https:\/\/eben-menuiserie.com\/wp-content\/uploads\/2025\/05\/IMG_2875-1152x1536.jpg 1152w, https:\/\/eben-menuiserie.com\/wp-content\/uploads\/2025\/05\/IMG_2875-1536x2048.jpg 1536w, https:\/\/eben-menuiserie.com\/wp-content\/uploads\/2025\/05\/IMG_2875-scaled.jpg 1920w\" sizes=\"auto, (max-width: 768px) 100vw, 768px\" \/><span aria-hidden=\"true\" class=\"wp-block-cover__background has-background-dim-0 has-background-dim\" style=\"background-color:#879ab2\"><\/span><div class=\"wp-block-cover__inner-container has-global-padding is-layout-constrained wp-container-core-cover-is-layout-1a3bd245 wp-block-cover-is-layout-constrained\">\n<h3 class=\"wp-block-heading has-text-align-center has-text-color\" style=\"color:#fefefe;font-size:clamp(1.301rem, 1.301rem + ((1vw - 0.2rem) * 1.453), 2.1rem);\">Menuiserie ext\u00e9rieur <\/h3>\n<\/div><\/div>\n<\/div>\n\n\n\n<div class=\"wp-block-column is-layout-flow wp-block-column-is-layout-flow\" style=\"padding-top:1rem;padding-right:0rem;padding-bottom:1rem;padding-left:0rem\">\n<div class=\"wp-block-cover is-light\" style=\"padding-right:0.51rem;padding-left:0.51rem;min-height:390px;aspect-ratio:unset;\"><img loading=\"lazy\" decoding=\"async\" width=\"1024\" height=\"768\" class=\"wp-block-cover__image-background wp-image-100 size-large\" alt=\"\" src=\"https:\/\/eben-menuiserie.com\/wp-content\/uploads\/2025\/05\/IMG_1439-1024x768.jpeg\" data-object-fit=\"cover\" srcset=\"https:\/\/eben-menuiserie.com\/wp-content\/uploads\/2025\/05\/IMG_1439-1024x768.jpeg 1024w, https:\/\/eben-menuiserie.com\/wp-content\/uploads\/2025\/05\/IMG_1439-300x225.jpeg 300w, https:\/\/eben-menuiserie.com\/wp-content\/uploads\/2025\/05\/IMG_1439-768x576.jpeg 768w, https:\/\/eben-menuiserie.com\/wp-content\/uploads\/2025\/05\/IMG_1439-1536x1152.jpeg 1536w, https:\/\/eben-menuiserie.com\/wp-content\/uploads\/2025\/05\/IMG_1439-2048x1536.jpeg 2048w\" sizes=\"auto, (max-width: 1024px) 100vw, 1024px\" \/><span aria-hidden=\"true\" class=\"wp-block-cover__background has-background-dim-0 has-background-dim\" style=\"background-color:#999a98\"><\/span><div class=\"wp-block-cover__inner-container has-global-padding is-layout-constrained wp-container-core-cover-is-layout-1a3bd245 wp-block-cover-is-layout-constrained\">\n<h3 class=\"wp-block-heading has-text-align-center has-text-color\" style=\"color:#fefefe;font-size:clamp(1.352rem, 1.352rem + ((1vw - 0.2rem) * 1.542), 2.2rem);\">Solid Surface<\/h3>\n\n\n\n<p><\/p>\n<\/div><\/div>\n<\/div>\n\n\n\n<div class=\"wp-block-column is-layout-flow wp-block-column-is-layout-flow\" style=\"padding-top:1rem;padding-right:0rem;padding-bottom:1rem;padding-left:0rem\">\n<div class=\"wp-block-cover is-light\" style=\"padding-right:0.51rem;padding-left:0.51rem;min-height:390px;aspect-ratio:unset;\"><img loading=\"lazy\" decoding=\"async\" width=\"400\" height=\"400\" class=\"wp-block-cover__image-background wp-image-83 size-full\" alt=\"\" src=\"https:\/\/eben-menuiserie.com\/wp-content\/uploads\/2025\/05\/download.jpg\" data-object-fit=\"cover\" srcset=\"https:\/\/eben-menuiserie.com\/wp-content\/uploads\/2025\/05\/download.jpg 400w, https:\/\/eben-menuiserie.com\/wp-content\/uploads\/2025\/05\/download-300x300.jpg 300w, https:\/\/eben-menuiserie.com\/wp-content\/uploads\/2025\/05\/download-150x150.jpg 150w\" sizes=\"auto, (max-width: 400px) 100vw, 400px\" \/><span aria-hidden=\"true\" class=\"wp-block-cover__background has-background-dim-0 has-background-dim\" style=\"background-color:#b9d2ce\"><\/span><div class=\"wp-block-cover__inner-container has-global-padding is-layout-constrained wp-container-core-cover-is-layout-1a3bd245 wp-block-cover-is-layout-constrained\">\n<h3 class=\"wp-block-heading has-text-align-center has-text-color\" style=\"color:#fefefe;font-size:clamp(1.507rem, 1.507rem + ((1vw - 0.2rem) * 1.824), 2.51rem);\"><\/h3>\n<\/div><\/div>\n<\/div>\n<\/div>\n<\/div>\n<\/div><\/div>\n<\/section>\n\n\n\n<section class=\"wp-block-cover alignfull\" style=\"margin-top:0px;padding-top:1.01rem;padding-bottom:1.01rem;min-height:559px;aspect-ratio:unset;\"><img loading=\"lazy\" decoding=\"async\" width=\"1024\" height=\"683\" class=\"wp-block-cover__image-background wp-image-31 size-large\" alt=\"\" src=\"https:\/\/eben-menuiserie.com\/wp-content\/uploads\/2025\/05\/CONTACT-1-1024x683.jpg\" data-object-fit=\"cover\" srcset=\"https:\/\/eben-menuiserie.com\/wp-content\/uploads\/2025\/05\/CONTACT-1-1024x683.jpg 1024w, https:\/\/eben-menuiserie.com\/wp-content\/uploads\/2025\/05\/CONTACT-1-300x200.jpg 300w, https:\/\/eben-menuiserie.com\/wp-content\/uploads\/2025\/05\/CONTACT-1-768x512.jpg 768w, https:\/\/eben-menuiserie.com\/wp-content\/uploads\/2025\/05\/CONTACT-1-1536x1024.jpg 1536w, https:\/\/eben-menuiserie.com\/wp-content\/uploads\/2025\/05\/CONTACT-1-2048x1365.jpg 2048w\" sizes=\"auto, (max-width: 1024px) 100vw, 1024px\" \/><span aria-hidden=\"true\" class=\"wp-block-cover__background has-background-dim-30 has-background-dim\" style=\"background-color:#0f0505\"><\/span><div class=\"wp-block-cover__inner-container has-global-padding is-layout-constrained wp-container-core-cover-is-layout-b1bebcb3 wp-block-cover-is-layout-constrained\">\n<div class=\"wp-block-group has-text-color is-layout-flow wp-block-group-is-layout-flow\" style=\"color:#fffffd;margin-top:0px;padding-top:0rem;padding-right:1rem;padding-bottom:0rem;padding-left:1rem;font-size:clamp(0.875rem, 0.875rem + ((1vw - 0.2rem) * 0.464), 1.13rem);font-style:normal;font-weight:400;line-height:1.4\">\n<div class=\"wp-block-group is-vertical is-content-justification-stretch is-layout-flex wp-container-core-group-is-layout-bfdebe91 wp-block-group-is-layout-flex\" style=\"margin-top:1.81rem;padding-right:0px;padding-left:0px\">\n<div class=\"wp-block-group has-global-padding is-content-justification-center is-layout-constrained wp-container-core-group-is-layout-2f0bcb29 wp-block-group-is-layout-constrained\" style=\"margin-top:0px\">\n<div class=\"wp-block-buttons is-horizontal is-content-justification-center is-layout-flex wp-container-core-buttons-is-layout-a300a970 wp-block-buttons-is-layout-flex\" style=\"margin-top:0.51rem\">\n<div class=\"wp-block-button has-custom-width wp-block-button__width-100 is-style-outline is-style-outline--1\"><a class=\"wp-block-button__link has-text-color has-background has-custom-font-size wp-element-button\" style=\"border-style:none;border-width:0px;border-radius:1.3rem;color:#fffffd;background-color:#e27013;padding-top:0.6rem;padding-right:0rem;padding-bottom:0.6rem;padding-left:0rem;font-size:clamp(0.875rem, 0.875rem + ((1vw - 0.2rem) * 0.245), 1.01rem);font-style:normal;font-weight:600;line-height:1.5;text-transform:uppercase\">Contactez-nous <\/a><\/div>\n<\/div>\n<\/div>\n<\/div>\n<\/div>\n<\/div><\/section>\n","protected":false},"excerpt":{"rendered":"<p>Notre histoire : transformer les r\u00eaves en r\u00e9alit\u00e9 Forts de nos ann\u00e9es d&rsquo;exp\u00e9rience, nous avons transform\u00e9 d&rsquo;innombrables espaces en espaces \u00e9l\u00e9gants et fonctionnels. Notre parcours est n\u00e9 d&rsquo;une passion pour l&rsquo;artisanat et d&rsquo;une volont\u00e9 de cr\u00e9er des solutions personnalis\u00e9es pour nos clients. Nous sommes fiers de notre souci du d\u00e9tail, garantissant que chaque projet refl\u00e8te [&hellip;]<\/p>\n","protected":false},"author":1,"featured_media":0,"parent":0,"menu_order":0,"comment_status":"closed","ping_status":"closed","template":"","meta":{"footnotes":""},"class_list":["post-9","page","type-page","status-publish","hentry"],"_links":{"self":[{"href":"https:\/\/eben-menuiserie.com\/index.php?rest_route=\/wp\/v2\/pages\/9","targetHints":{"allow":["GET"]}}],"collection":[{"href":"https:\/\/eben-menuiserie.com\/index.php?rest_route=\/wp\/v2\/pages"}],"about":[{"href":"https:\/\/eben-menuiserie.com\/index.php?rest_route=\/wp\/v2\/types\/page"}],"author":[{"embeddable":true,"href":"https:\/\/eben-menuiserie.com\/index.php?rest_route=\/wp\/v2\/users\/1"}],"replies":[{"embeddable":true,"href":"https:\/\/eben-menuiserie.com\/index.php?rest_route=%2Fwp%2Fv2%2Fcomments&post=9"}],"version-history":[{"count":63,"href":"https:\/\/eben-menuiserie.com\/index.php?rest_route=\/wp\/v2\/pages\/9\/revisions"}],"predecessor-version":[{"id":255,"href":"https:\/\/eben-menuiserie.com\/index.php?rest_route=\/wp\/v2\/pages\/9\/revisions\/255"}],"wp:attachment":[{"href":"https:\/\/eben-menuiserie.com\/index.php?rest_route=%2Fwp%2Fv2%2Fmedia&parent=9"}],"curies":[{"name":"wp","href":"https:\/\/api.w.org\/{rel}","templated":true}]}}